or of 253 and 2369.
23
Calculate the greatest common divisor of 703 and 4579.
19
Calculate the highest common factor of 704 and 664.
8
What is the highest common factor of 1862 and 4902?
38
Calculate the highest common factor of 2061 and 1442471.
229
Calculate the highest common factor of 1430 and 9035.
65
What is the greatest common factor of 44978 and 86?
86
Calculate the greatest common divisor of 9753 and 93.
3
What is the highest common divisor of 4424 and 93457?
553
What is the greatest common divisor of 62 and 406162?
62
What is the highest common factor of 329824 and 22?
22
What is the highest common divisor of 8564 and 172?
4
What is the greatest common factor of 416 and 1952?
32
What is the highest common factor of 712626 and 1533?
219
What is the highest common divisor of 29 and 48053?
29
What is the highest common divisor of 111890 and 15?
5
Calculate the greatest common divisor of 2561 and 1781.
13
Calculate the greatest common divisor of 1359 and 6780957.
453
Calculate the highest common factor of 648562 and 830.
166
Calculate the greatest common divisor of 78 and 230997.
39
What is the greatest common factor of 1920 and 127320?
120
Calculate the highest common divisor of 221 and 2040.
17
What is the highest common factor of 1280 and 661312?
64
What is the highest common divisor of 1175 and 5700?
25
Calculate the highest common factor of 2300 and 150100.
100
What is the greatest common divisor of 330021 and 2754?
459
Calculate the greatest common factor of 367650 and 1032.
258
Calculate the highest common divisor of 36 and 332172.
36
Calculate the highest common factor of 172350 and 10.
10
Calculate the highest common divisor of 492 and 51988.
164
What is the greatest common divisor of 1969 and 5914876?
1969
Calculate the highest common divisor of 894 and 330.
6
What is the highest common factor of 101062 and 690?
46
Calculate the highest common factor of 628 and 396.
4
Calculate the greatest common divisor of 24 and 30126.
6
Calculate the greatest common factor of 176 and 1364.
44
Calculate the highest common divisor of 44079 and 210.
21
Calculate the highest common factor of 419501 and 19.
19
Calculate the greatest common divisor of 255522 and 1776.
222
What is the greatest common factor of 90 and 66492?
18
Calculate the highest common factor of 2500 and 128000.
500
Calculate the highest common divisor of 1572 and 53841.
393
What is the greatest common divisor of 147940 and 230?
10
What is the greatest common factor of 426790 and 1960?
490
Calculate the greatest common factor of 204873 and 141.
141
What is the highest common divisor of 69 and 1733786?
23
Calculate the greatest common divisor of 88 and 405273.
11
Calculate the highest common divisor of 126 and 91056.
42
Calculate the highest common factor of 4 and 12598.
2
What is the highest common factor of 59 and 4630261?
59
What is the greatest common factor of 1100 and 13948?
44
Calculate the greatest common factor of 2912 and 20.
4
What is the greatest common factor of 1813559 and 8577?
953
Calculate the highest common divisor of 2 and 106718.
2
What is the greatest common factor of 423 and 1155213?
423
What is the greatest common divisor of 9108 and 1620?
36
What is the greatest common factor of 616 and 435160?
88
Calculate the greatest common divisor of 91 and 8484.
7
Calculate the highest common divisor of 10272 and 11072.
32
What is the highest common divisor of 7 and 18298?
7
What is the greatest common divisor of 7137 and 12871?
61
What is the greatest common factor of 42542 and 19598?
478
What is the highest common factor of 2112223 and 79?
79
What is the highest common divisor of 6004 and 12996?
76
Calculate the highest common factor of 4207 and 4808.
601
Calculate the highest common divisor of 121 and 108229.
11
What is the greatest common divisor of 60 and 403215?
15
Calculate the highest common factor of 32802 and 693.
231
Calculate the highest common factor of 28 and 77931.
7
Calculate the highest common divisor of 116 and 69455.
29
Calculate the highest common divisor of 844 and 1472.
4
Calculate the greatest common factor of 472 and 13806.
118
What is the highest common factor of 432 and 128?
16
Calculate the greatest common divisor of 20383 and 561.
187
What is the highest common factor of 2831 and 60643?
149
Calculate the greatest common divisor of 18744 and 568.
568
What is the highest common factor of 836 and 119339?
209
Calculate the highest common factor of 1144 and 2312.
8
Calculate the greatest common divisor of 497 and 343.
7
What is the highest common factor of 4873 and 16049?
11
Calculate the highest common divisor of 800 and 77060.
20
Calculate the greatest common divisor of 203 and 61929.
7
Calculate the highest common divisor of 96 and 959456.
32
What is the greatest common divisor of 35744 and 64?
32
What is the highest common divisor of 1074 and 3606?
6
What is the highest common divisor of 9531 and 81?
27
What is the highest common divisor of 6474 and 154878?
498
What is the highest common factor of 15 and 47815?
5
Calculate the highest common factor of 85387 and 412.
103
What is the greatest common factor of 33488 and 546?
182
Calculate the greatest common divisor of 4606 and 2450.
98
What is the greatest common factor of 31840 and 70?
10
Calculate the highest common divisor of 883847 and 34.
17
Calculate the greatest common factor of 341334 and 49.
49
What is the highest common factor of 234 and 61776?
234
Calculate the highest common factor of 563 and 6008336.
563
What is the greatest common factor of 66 and 2015684?
22
Calculate the highest common divisor of 180 and 41670.
90
What is the greatest common factor of 96 and 618848?
32
Calculate the highest common factor of 32039 and 5.
1
Calculate the highest common factor of 603 and 2001357.
603
Calculate the highest common divisor of 41875 and 24455.
335
What is the greatest common divisor of 198 and 2113452?
198
Calculate the greatest common divisor of 99030 and 45.
15
Calculate the greatest common factor of 1782 and 2288.
22
Calculate the greatest common factor of 69434 and 1165.
233
Calculate the highest common factor of 742 and 5614.
14
What is the highest common divisor of 21733 and 2321?
211
What is the highest common divisor of 11000 and 286?
22
Calculate the greatest common factor of 17893070 and 130.
130
What is the highest common factor of 23 and 1984049?
23
Calculate the highest common divisor of 3059 and 239729.
161
What is the highest common divisor of 116 and 1852?
4
What is the highest common factor of 4082 and 559?
13
Calculate the greatest common divisor of 186069 and 5505.
1101
What is the greatest common factor of 268 and 48374?
134
What is the greatest common factor of 545440 and 2800?
560
What is the highest common factor of 140 and 26145?
35
Calculate the greatest common divisor of 20644 and 8398.
26
What is the highest common factor of 6642 and 8019?
81
Calculate the greatest common divisor of 969 and 1501.
19
What is the greatest common divisor of 32 and 5570192?
16
Calculate the highest common divisor of 233920 and 215.
215
What is the highest common factor of 660 and 8052?
132
Calculate the greatest common divisor of 4300 and 1168525.
1075
Calculate the highest common factor of 39688 and 5896.
88
Calculate the greatest common factor of 3200 and 2300.
100
Calculate the highest common divisor of 1196 and 301093.
299
What is the greatest common factor of 441 and 19453?
49
What is the highest common divisor of 81930 and 60?
30
What is the highest common divisor of 77775 and 136?
17
Calculate the greatest common factor of 125 and 911875.
125
Calculate the greatest common factor of 822600 and 24.
24
What is the highest common divisor of 139567 and 233?
233
Calculate the greatest common divisor of 10350 and 3312.
414
What is the highest common factor of 75 and 671325?
75
What is the greatest common factor of 1449 and 38241?
63
Calculate the highest common divisor of 3702 and 24.
6
What is the highest common divisor of 26884 and 5278?
26
Calculate the highest common factor of 312 and 140244.
156
What is the highest common divisor of 119903 and 98?
49
Calculate the greatest common divisor of 111 and 2399413.
37
What is the greatest common divisor of 2943 and 109?
109
C